{"id":692,"date":"2025-02-11T06:24:03","date_gmt":"2025-02-11T09:24:03","guid":{"rendered":"https:\/\/ideologiasites.com.br\/agropecuaria-3i\/?page_id=692"},"modified":"2025-03-25T13:22:03","modified_gmt":"2025-03-25T16:22:03","slug":"exportacao","status":"publish","type":"page","link":"https:\/\/ideologiasites.com.br\/agropecuaria-3i\/exportacao\/","title":{"rendered":"Exporta\u00e7\u00e3o"},"content":{"rendered":"<p>[et_pb_section fb_built=&#8221;1&#8243; custom_padding_last_edited=&#8221;on|phone&#8221; _builder_version=&#8221;4.27.0&#8243; _module_preset=&#8221;default&#8221; background_color=&#8221;#FFFFFF&#8221; background_image=&#8221;https:\/\/ideologiasites.com.br\/agropecuaria-3i\/wp-content\/uploads\/2025\/03\/3i_Banner_Exportacao.png&#8221; background_position=&#8221;bottom_center&#8221; custom_margin=&#8221;0px||0px||false|false&#8221; custom_margin_tablet=&#8221;0px||||false|false&#8221; custom_margin_phone=&#8221;||||false|false&#8221; custom_margin_last_edited=&#8221;on|phone&#8221; custom_padding=&#8221;7vw||7vw||true|false&#8221; custom_padding_tablet=&#8221;130px||50px||false|false&#8221; custom_padding_phone=&#8221;||50px||false|false&#8221; top_divider_height_tablet=&#8221;&#8221; top_divider_height_phone=&#8221;&#8221; top_divider_height_last_edited=&#8221;on|phone&#8221; bottom_divider_color=&#8221;#FFFFFF&#8221; bottom_divider_height=&#8221;80px&#8221; bottom_divider_flip=&#8221;horizontal&#8221; bottom_divider_height_tablet=&#8221;80px&#8221; bottom_divider_height_phone=&#8221;50px&#8221; bottom_divider_height_last_edited=&#8221;on|phone&#8221; hover_enabled=&#8221;0&#8243; background_last_edited=&#8221;on|phone&#8221; use_background_color_gradient_phone=&#8221;on&#8221; background_color_gradient_stops_phone=&#8221;rgba(12,83,61,0.76) 61%|rgba(255,255,255,0) 100%&#8221; background_position_phone=&#8221;center_left&#8221; background_horizontal_offset_tablet=&#8221;50%&#8221; background_horizontal_offset_phone=&#8221;60%&#8221; da_disable_devices=&#8221;off|off|off&#8221; locked=&#8221;off&#8221; global_colors_info=&#8221;{}&#8221; sticky_enabled=&#8221;0&#8243; da_is_popup=&#8221;off&#8221; da_exit_intent=&#8221;off&#8221; da_has_close=&#8221;on&#8221; da_alt_close=&#8221;off&#8221; da_dark_close=&#8221;off&#8221; da_not_modal=&#8221;on&#8221; da_is_singular=&#8221;off&#8221; da_with_loader=&#8221;off&#8221; da_has_shadow=&#8221;on&#8221;][et_pb_row column_structure=&#8221;2_3,1_3&#8243; _builder_version=&#8221;4.27.0&#8243; _module_preset=&#8221;default&#8221; width=&#8221;100%&#8221; width_tablet=&#8221;80%&#8221; width_phone=&#8221;80%&#8221; width_last_edited=&#8221;on|tablet&#8221; global_colors_info=&#8221;{}&#8221;][et_pb_column type=&#8221;2_3&#8243; _builder_version=&#8221;4.27.0&#8243; _module_preset=&#8221;default&#8221; global_colors_info=&#8221;{}&#8221;][dfadh_heading_anim fancy_text_anim=&#8221;type-letter-slide&#8221; fency_text_list=&#8221;%91{%22value%22:%22Exporta\u00e7\u00e3o%22,%22checked%22:0,%22dragID%22:-1}%93&#8243; heading_margin=&#8221;||0px||false|false&#8221; heading_padding=&#8221;||0px||false|false&#8221; infix_margin=&#8221;||0px||false|false&#8221; infix_padding=&#8221;||0px||false|false&#8221; _builder_version=&#8221;4.27.0&#8243; _module_preset=&#8221;default&#8221; title_level=&#8221;h1&#8243; title_text_color=&#8221;#FFFFFF&#8221; t_infix_font=&#8221;&#8211;et_global_heading_font|700|||||||&#8221; t_infix_text_color=&#8221;#FFFFFF&#8221; t_infix_font_size=&#8221;60px&#8221; t_infix_line_height=&#8221;1.2em&#8221; custom_margin=&#8221;||8px|||&#8221; t_infix_font_size_tablet=&#8221;45px&#8221; t_infix_font_size_phone=&#8221;36px&#8221; t_infix_font_size_last_edited=&#8221;on|phone&#8221; global_colors_info=&#8221;{}&#8221;][\/dfadh_heading_anim][et_pb_text _builder_version=&#8221;4.27.0&#8243; _module_preset=&#8221;default&#8221; text_font=&#8221;&#8211;et_global_heading_font||||||||&#8221; text_text_color=&#8221;#FFFFFF&#8221; text_font_size=&#8221;26px&#8221; text_line_height=&#8221;1.3em&#8221; header_text_color=&#8221;#FFFFFF&#8221; header_font_size=&#8221;40px&#8221; header_3_font=&#8221;||||||||&#8221; custom_margin=&#8221;0px||0px||false|false&#8221; custom_padding=&#8221;0px||0px||false|false&#8221; animation_style=&#8221;slide&#8221; animation_direction=&#8221;bottom&#8221; text_font_size_tablet=&#8221;22px&#8221; text_font_size_phone=&#8221;18px&#8221; text_font_size_last_edited=&#8221;on|phone&#8221; global_colors_info=&#8221;{}&#8221;]Confira como nossa produ\u00e7\u00e3o ultrapassa fronteiras![\/et_pb_text][\/et_pb_column][et_pb_column type=&#8221;1_3&#8243; _builder_version=&#8221;4.27.0&#8243; _module_preset=&#8221;default&#8221; global_colors_info=&#8221;{}&#8221;][\/et_pb_column][\/et_pb_row][\/et_pb_section][et_pb_section fb_built=&#8221;1&#8243; _builder_version=&#8221;4.27.0&#8243; _module_preset=&#8221;default&#8221; custom_padding=&#8221;20px||20px||true|false&#8221; da_disable_devices=&#8221;off|off|off&#8221; global_colors_info=&#8221;{}&#8221; da_is_popup=&#8221;off&#8221; da_exit_intent=&#8221;off&#8221; da_has_close=&#8221;on&#8221; da_alt_close=&#8221;off&#8221; da_dark_close=&#8221;off&#8221; da_not_modal=&#8221;on&#8221; da_is_singular=&#8221;off&#8221; da_with_loader=&#8221;off&#8221; da_has_shadow=&#8221;on&#8221;][et_pb_row column_structure=&#8221;1_2,1_2&#8243; _builder_version=&#8221;4.27.0&#8243; _module_preset=&#8221;default&#8221; width=&#8221;100%&#8221; width_tablet=&#8221;80%&#8221; width_phone=&#8221;80%&#8221; width_last_edited=&#8221;on|tablet&#8221; global_colors_info=&#8221;{}&#8221;][et_pb_column type=&#8221;1_2&#8243; _builder_version=&#8221;4.27.0&#8243; _module_preset=&#8221;default&#8221; global_colors_info=&#8221;{}&#8221;][et_pb_text _builder_version=&#8221;4.27.0&#8243; _module_preset=&#8221;default&#8221; text_font=&#8221;&#8211;et_global_body_font||||||||&#8221; text_text_color=&#8221;#5f514d&#8221; text_line_height=&#8221;1.5em&#8221; header_2_font=&#8221;&#8211;et_global_heading_font|700|||||||&#8221; header_2_text_color=&#8221;#04472b&#8221; header_2_font_size=&#8221;40px&#8221; header_2_line_height=&#8221;1.2em&#8221; custom_padding=&#8221;65px||||false|false&#8221; custom_padding_tablet=&#8221;0px||||false|false&#8221; custom_padding_phone=&#8221;0px||20px||false|false&#8221; custom_padding_last_edited=&#8221;on|tablet&#8221; animation_style=&#8221;slide&#8221; animation_direction=&#8221;right&#8221; animation_intensity_slide=&#8221;15%&#8221; header_2_font_size_tablet=&#8221;28px&#8221; header_2_font_size_phone=&#8221;26px&#8221; header_2_font_size_last_edited=&#8221;on|phone&#8221; global_colors_info=&#8221;{}&#8221;]<\/p>\n<h2>Nossa qualidade<br \/>\npara o mundo<\/h2>\n<p>Estamos expandindo nossas opera\u00e7\u00f5es para incluir a exporta\u00e7\u00e3o de gado vivo, um passo significativo para atender \u00e0 crescente demanda global por produtos de qualidade. Nosso compromisso \u00e9 garantir que todas as etapas do processo respeitem as normas internacionais de seguran\u00e7a e bem-estar animal. Desde o manejo at\u00e9 o transporte, priorizamos a sa\u00fade e o conforto dos animais, assegurando um sistema sustent\u00e1vel e eficiente. Nossa abordagem \u00e9 pautada na responsabilidade e na transpar\u00eancia, garantindo que cada opera\u00e7\u00e3o seja conduzida com respeito ao meio ambiente e aos padr\u00f5es \u00e9ticos mais elevados. Se deseja saber mais sobre essa nova possibilidade e como podemos atender suas necessidades, entre em contato conosco.[\/et_pb_text][\/et_pb_column][et_pb_column type=&#8221;1_2&#8243; _builder_version=&#8221;4.27.0&#8243; _module_preset=&#8221;default&#8221; global_colors_info=&#8221;{}&#8221;][et_pb_image src=&#8221;https:\/\/ideologiasites.com.br\/agropecuaria-3i\/wp-content\/uploads\/2025\/02\/3i_Imagem-Qualidade_Exportacao-min.png&#8221; align=&#8221;center&#8221; _builder_version=&#8221;4.27.0&#8243; _module_preset=&#8221;default&#8221; max_width=&#8221;360px&#8221; animation_style=&#8221;fade&#8221; border_radii=&#8221;on|50px|50px|50px|50px&#8221; global_colors_info=&#8221;{}&#8221;][\/et_pb_image][\/et_pb_column][\/et_pb_row][\/et_pb_section]<\/p>\n","protected":false},"excerpt":{"rendered":"<p><div class=\"et_pb_module dfadh_heading_anim dfadh_heading_anim_0\">\n\t\t\t\t\n\t\t\t\t\n\t\t\t\t\n\t\t\t\t\n\t\t\t\t\n\t\t\t\t\n\t\t\t\t<div class=\"et_pb_module_inner\">\n\t\t\t\t\t<div class=\"df-anim-heading-container\">\r\n                <h1 class=\"headline-animation letter type-letter-slide\" data-anmi='{\"transition_type\":\"letter\",\"animation_type\":\"type-letter-slide\",\"delay\":500,\"duration\":1000,\"easing\":\"none\",\"mass\":1,\"stiffness\":80,\"damping\":10,\"velocity\":0}' > <span class=\"infix words-wrapper\"><span class=\"is-visible\"><span class=\"in\">E<\/span><span class=\"in\">x<\/span><span class=\"in\">p<\/span><span class=\"in\">o<\/span><span class=\"in\">r<\/span><span class=\"in\">t<\/span><span class=\"in\">a<\/span><span class=\"in\">\u00e7<\/span><span class=\"in\">\u00e3<\/span><span class=\"in\">o<\/span><\/span><\/span> <\/h1>\r\n            <\/div>\n\t\t\t\t<\/div>\n\t\t\t<\/div>Confira como nossa produ\u00e7\u00e3o ultrapassa fronteiras!Nossa qualidade para o mundo Estamos expandindo nossas opera\u00e7\u00f5es para incluir a exporta\u00e7\u00e3o de gado vivo, um passo significativo para atender \u00e0 crescente demanda global por produtos de qualidade. Nosso compromisso [&hellip;]<\/p>\n","protected":false},"author":1,"featured_media":0,"parent":0,"menu_order":0,"comment_status":"closed","ping_status":"closed","template":"","meta":{"_et_pb_use_builder":"on","_et_pb_old_content":"","_et_gb_content_width":"","footnotes":""},"class_list":["post-692","page","type-page","status-publish","hentry"],"_links":{"self":[{"href":"https:\/\/ideologiasites.com.br\/agropecuaria-3i\/wp-json\/wp\/v2\/pages\/692","targetHints":{"allow":["GET"]}}],"collection":[{"href":"https:\/\/ideologiasites.com.br\/agropecuaria-3i\/wp-json\/wp\/v2\/pages"}],"about":[{"href":"https:\/\/ideologiasites.com.br\/agropecuaria-3i\/wp-json\/wp\/v2\/types\/page"}],"author":[{"embeddable":true,"href":"https:\/\/ideologiasites.com.br\/agropecuaria-3i\/wp-json\/wp\/v2\/users\/1"}],"replies":[{"embeddable":true,"href":"https:\/\/ideologiasites.com.br\/agropecuaria-3i\/wp-json\/wp\/v2\/comments?post=692"}],"version-history":[{"count":9,"href":"https:\/\/ideologiasites.com.br\/agropecuaria-3i\/wp-json\/wp\/v2\/pages\/692\/revisions"}],"predecessor-version":[{"id":903,"href":"https:\/\/ideologiasites.com.br\/agropecuaria-3i\/wp-json\/wp\/v2\/pages\/692\/revisions\/903"}],"wp:attachment":[{"href":"https:\/\/ideologiasites.com.br\/agropecuaria-3i\/wp-json\/wp\/v2\/media?parent=692"}],"curies":[{"name":"wp","href":"https:\/\/api.w.org\/{rel}","templated":true}]}}